/84). Calculate the highest common factor of c and 81.
9
Suppose -4*n + 4*v = 0, -2*n + v + 15 = 2*n. What is the greatest common factor of 20 and n?
5
Suppose 0*w + 4*w = -5*l + 52, -l - 3*w + 17 = 0. Let k(c) = 4*c**2. Let r be k(4). Calculate the greatest common factor of r and l.
8
Suppose 4*c = 0, -3*z + 2*c = -0*c + 15. Let o be (2/z)/((-5)/150). Calculate the greatest common factor of o and 108.
12
Let r(c) be the first derivative of -c**3/3 - 6*c**2 - c - 2. Let t be r(-6). Calculate the highest common factor of 5 and t.
5
Let d = -2 + 6. Let t(v) = v**2 + 2*v - 4. Suppose 3 = a - 1. Let l be t(a). What is the highest common factor of d and l?
4
Let d = -58 - -158. Calculate the highest common divisor of d and 40.
20
Suppose 0 = -2*o + 5*o. Suppose -2*y - y + 33 = o. What is the greatest common factor of 11 and y?
11
Let l(c) = c + 10. Let o be l(5). Let r be (o/(-4))/(12/(-32)). What is the highest common factor of r and 110?
10
Let n(u) = 7*u - 2. Let w be n(2). Let b = 24 - w. Calculate the greatest common divisor of b and 24.
12
Let i be (-3)/(3/(0 - 3)). Let u = 1 + 5. Suppose u = j - 6. Calculate the greatest common factor of i and j.
3
Suppose -2*g = -61 - 75. What is the highest common factor of 170 and g?
34
Let f(c) = -7*c + 3. Let m be f(-1). What is the highest common factor of 70 and m?
10
Suppose -5*d = -84 + 4. Let f be 2/(-8) + 404/d. Suppose 0 = y - 4*c - 5, -y - 2*c = 2*c - 5. What is the highest common divisor of y and f?
5
Suppose 135 = -0*g + 3*g. Let j(q) = -q - 7. Let c be j(-6). Let x be (4 - c)*(-9)/(-9). Calculate the highest common factor of x and g.
5
Let b = 40 - -8. Suppose 0*y = 5*z + y - 82, 62 = 4*z - y. Calculate the highest common divisor of b and z.
16
Let h = -30 - -38. Calculate the greatest common divisor of h and 4.
4
Let b be 60/3 + (-2)/2. Suppose -5*w + 5 = -5. Let m(k) = 49*k**2 - 2*k - 2. Let d be m(w). Calculate the greatest common divisor of d and b.
19
Let i = 2 - 0. Suppose i*s - 34 = n - 0*n, -3*n = 5*s - 63. Calculate the highest common factor of s and 10.
5
Suppose -5*g = -3*g - 4*k - 4, 5*g + 4*k - 10 = 0. Let t be (20 - 11)/(1/g). What is the highest common factor of t and 2?
2
Let s = 2 - -1. Suppose -4*w - 1 = -s*w. Let o(c) = 12*c**2 + c + 1. Let y be o(w). Calculate the highest common factor of 72 and y.
12
Suppose 7*u - 749 = 301. What is the highest common factor of 60 and u?
30
Let d(x) = -52*x + 1. Let s be d(-2). What is the highest common factor of 70 and s?
35
Suppose 756 = -5*q + 8*q. Suppose -5*l = -3*l - q. What is the highest common factor of l and 14?
14
Let c be ((-6)/(-4))/((-1)/2). Let o be (-2)/(-15) - 58/(-15). Let v = o + c. What is the highest common divisor of v and 4?
1
Let s = -17 + 23. Suppose 2*n - 4 = 0, 6 = 2*p - p + n. Let r be 101/s + p/24. What is the greatest common divisor of r and 153?
17
Let p(n) be the first derivative of n**3/3 - 5*n**2/2 - 6*n + 1. Let b be p(7). Suppose -4*j + 57 + 231 = 0. Calculate the greatest common factor of b and j.
8
Let x = 6 + -17. Let d(i) = 3*i**2 + 3*i - 5. Let a be d(-4). Let o = a + x. What is the greatest common divisor of o and 10?
10
Let x(v) = 2*v - 16. Let g be x(10). What is the greatest common divisor of g and 36?
4
Let q(y) = y**2 - 8*y + 6. Suppose 0*a = -3*h + 5*a + 29, -2*h + 3*a = -19. Let r be q(h). What is the highest common divisor of r and 30?
6
Let m(x) = x**3 + 9*x**2 - x + 2. Let k be m(-9). Let r = 14 - k. Let i = -2 - -3. What is the highest common divisor of i and r?
1
Suppose -4*k + 7*k = 18. Suppose -k*r = -r. Suppose -2*n + 23 + 19 = r. Calculate the highest common factor of 14 and n.
7
Suppose 2*a - 25 = -5. Suppose -5*l + 3 + 11 = 4*y, 4 = 4*y. Suppose 2*j + l*j + 96 = 2*d, j - 1 = 0. Calculate the highest common factor of d and a.
10
Let r = 6 - 0. Calculate the highest common divisor of r and 12.
6
Suppose 7*u = 3*u + 64. What is the highest common factor of u and 2?
2
Let s(m) = 18*m + 2. Let a be s(1). Calculate the greatest common factor of 10 and a.
10
Suppose 2*w = 3*z - 8, -5*w + 5*z = -w + 12. Suppose 3*y - 28 = -5*r, 24 = r + w*y - 6*y. What is the highest common factor of 2 and r?
2
Let b = -16 - -28. Let k(u) = u**2 - 12*u + 10. Let n be k(b). What is the greatest common factor of 90 and n?
10
Suppose -5*o + 42 = -5*m + 12, 4*o + 3*m - 3 = 0. Calculate the highest common factor of o and 27.
3
Let g(u) = 5*u**2 - 8*u + 15. Let y be g(4). Suppose -5*o = -4*b + 168, 42 = b + o - 3*o. What is the greatest common factor of b and y?
21
Let d(p) = 5*p**2 - 6*p + 3. Suppose 9 = -o - 2*o. Let s(u) = u**2 - u. Let k(r) = o*s(r) + d(r). Let i be k(2). What is the highest common divisor of 1 and i?
1
Let j(k) = -k**3 + 6*k**2 + 6*k - 3. Let n be j(6). Calculate the greatest common divisor of 22 and n.
11
Let y(w) = w + 5. Let m be y(0). Let p be (-70)/4*(-4)/m. Let x be ((-140)/8)/((-2)/4). What is the highest common factor of p and x?
7
Let q(o) = o**2 - 6*o + 6. Let g be q(4). Let b be -12*(g + 9/(-6)). Suppose -5*n + 13 = -b. What is the highest common factor of n and 99?
11
Suppose 0*q - 2608 = -q. Let z be 1*2 - q/(-16). What is the greatest common divisor of 66 and z?
33
Let h(u) = u**2 + 2*u - 1. Let a be h(3). What is the greatest common factor of a and 21?
7
Let h = 17 - -33. What is the highest common divisor of h and 75?
25
Suppose 5*g - 3*h = 52, -2*g + 3*g + 2*h = 13. Let j = g - 0. Let p be (-225)/(-21) - (-2)/7. Calculate the greatest common divisor of j and p.
11
Suppose v = -4*v + 3*o + 58, -4*v + 2*o = -46. What is the highest common factor of v and 11?
11
Let q be 6/(-21) - (-37)/7. Suppose -c = -t - 3*c + 4, -q*t + 2*c = 4. Suppose t = -2*i + 12 + 16. What is the greatest common divisor of 14 and i?
14
Suppose 0 = 4*t + i + 2*i - 400, 2*i + 500 = 5*t. Suppose -2*r + 4*r = t. What is the highest common divisor of r and 10?
10
Let y = -95 - -111. Calculate the highest common divisor of 8 and y.
8
Suppose -z + 5*z - m = -149, 0 = -4*z + 2*m - 146. Let x = z - -66. Let f = x + -20. What is the highest common factor of f and 40?
8
Suppose -2*z - 48 = -6*z. Suppose -2*t - 108 = -5*t. Calculate the greatest common factor of t and z.
12
Let h = 18 - -1. Let t be 1/(-2 + 39/19). Calculate the highest common divisor of h and t.
19
Let o = -11 - -43. Let x be (2 + 2)/((-3)/(-45)). Suppose 4*w + x = 3*g, g + 2*w = -3*g + 58. What is the highest common factor of g and o?
16
Let f = 13 - 9. Suppose -5*i + 0 = -f*v - 5, -2*i + 3*v = 5. What is the greatest common divisor of 5 and i?
5
Let q = 111 - 47. Let p(l) = 7*l**2 - l + 2. Let f be p(1). Calculate the highest common factor of f and q.
8
Suppose 6*h - 3*h - 24 = 0. Calculate the greatest common factor of 20 and h.
4
Suppose 5*y + 4*q = 14, -5*y = 2*q + 1 - 13. What is the greatest common factor of y and 10?
2
Suppose 4*r = k + 3, 0 = -2*r - 0*r + 10. Let u be (-2)/3 - 718/(-6). What is the highest common divisor of u and k?
17
Let k be ((-35)/3)/(15/(-90)). What is the greatest common factor of 14 and k?
14
Let y(m) = 26*m - 2. Let p be -7 + 5 - (-2 - 2). Let o be y(p). What is the greatest common divisor of o and 20?
10
Let b(r) = r**3 - 6*r**2 + 6*r - 1. Let j be b(5). Suppose -4*y - 96 = -j*g, -y - 1 = -0*y. Let w = g - 12. Calculate the greatest common factor of w and 11.
11
Suppose -k - 538 = -4*p, -k = -5*p + 458 + 215. Calculate the highest common factor of 15 and p.
15
Let s = -51 - -73. Let p be s + (-4*2)/(-2). Calculate the greatest common factor of 13 and p.
13
Suppose 6*c + 96 = 3*z + 4*c, -c - 63 = -2*z. Calculate the highest common factor of z and 210.
30
Suppose 0 = -2*m - 0*m + 2*c + 22, -3*m + 5*c + 35 = 0. Let d be (48/(-20))/((-2)/m). Let g = 2 + d. What is the highest common divisor of 2 and g?
2
Suppose 19 = 2*c - 5*i - 3, -50 = -3*c - i. Calculate the greatest common factor of 16 and c.
16
Let v be 26/((3/2)/3). Suppose 0 = -5*u + 5*m + 100, 5*m = 3*u - 14 - v. Suppose 0 = 3*q - u - 1. What is the highest common factor of q and 6?
6
Let j = 52 - 13. What is the greatest common factor of 52 and j?
13
Suppose -5*c = -3 + 13. Let j = c - -10. What is the highest common divisor of j and 4?
4
Let n be 3/9*0/1. Suppose n = -4*k + 71 + 9. What is the highest common divisor of k and 4?
4
Let w be 2*(-3 - (